 t?
5
Let q be -2 + 102/12 - (-3)/(-2). Suppose f = w + 3*f - 114, q*f = w - 114. Suppose w = -18*l + 20*l. What is the highest common factor of 513 and l?
57
Suppose -3*m + 5*g + 308 = 0, 0*g - g = 5*m - 504. Suppose -4*j - z + m = j, 0 = -3*j - 3*z + 63. What is the greatest common divisor of j and 20?
20
Suppose 8*t = t + 284 + 542. Calculate the greatest common factor of t and 1475.
59
Suppose 149*m = 118918 - 14618. Calculate the greatest common factor of m and 2268.
28
Let h(k) = k**3 - 16*k**2 + 17*k - 28. Let c be h(15). Suppose 0 = -c*z - r + 211, -z = -18*r + 13*r - 100. What is the highest common divisor of 168 and z?
21
Let j(g) = -3*g - 12. Let p be j(-4). Suppose 2*b - 30 = -4*q - p*b, 25 = 5*b. Suppose -q*m = -68 - 2. Calculate the greatest common divisor of 7 and m.
7
Let k(q) = -q + 16. Let o be k(0). Let r(p) = -112*p**3 + 3*p**2 + 22*p + 19. Let d be r(-1). Calculate the greatest common factor of d and o.
16
Let u(n) = n**3 + 8*n**2 - 2*n - 48. Let p be u(4). Calculate the highest common divisor of 24 and p.
8
Let i(s) = -s**2 - 9*s + 7. Let d be i(-9). Suppose d = 2*m + 3. Suppose -4*o + 3*o = 3, -30 = -5*b + 5*o. Calculate the greatest common factor of b and m.
1
Let n be ((-252)/8)/(3/(-4)). Let l = 117 - 61. What is the highest common factor of l and n?
14
Suppose -45*b = -42*b - 6600. Suppose 7*d - 376 = b. What is the greatest common factor of 23 and d?
23
Suppose 0 = 2*d, p - 5 + 1 = 3*d. Suppose -23 - 25 = -4*z + p*c, 96 = 5*z + 4*c. Let v be (-7 + 6)/(-1)*(2 - 0). What is the greatest common factor of v and z?
2
Let u be (4*-1)/1*-3. Suppose -18*r + 1164 = 2*z - 23*r, -6*z - 4*r = -3720. What is the greatest common factor of u and z?
12
Let m be 648 - ((-212)/53 - (1 - 4)). Calculate the greatest common factor of 11 and m.
11
Suppose 1484 = v + 5*n + 1017, -2*v + 921 = -3*n. Let k = 123 - 39. Calculate the greatest common factor of k and v.
42
Let t(m) = -m**3 - 9*m**2 + 20*m + 16. Let x be t(-11). Calculate the greatest common divisor of 2090 and x.
38
Suppose 3*v - 4*p + 9*p = 24, 5*p = -v + 8. Suppose v*y = -19 + 27. Calculate the highest common divisor of 11 and y.
1
Suppose 0*u + 103956 + 55196 = 58*u. Calculate the highest common divisor of 16 and u.
8
Suppose -96*t = -45*t - 27642. Let a = t - 490. Suppose -4*r + 13 = -39. What is the highest common divisor of r and a?
13
Let b be 72/72 - (-11 - -3). Calculate the greatest common divisor of b and 69.
3
Let x = -28153 + 28441. Let k be 0 + 0 + 6*3. What is the greatest common factor of k and x?
18
Suppose -16 = -b + 4*x, 7*b + x + 11 = 9*b. Suppose -y = -2*k - 310 - 552, -2*y + 1692 = b*k. What is the highest common divisor of y and 14?
14
Let o = -339 - -325. Let k be (51/2)/((-7)/o). What is the greatest common factor of 204 and k?
51
Suppose 2*q + 102*w = 97*w - 2, 3*q - 2*w = 35. What is the greatest common factor of 291 and q?
3
Let j = 111724 - 111687. Let s = -514 + 1661. What is the highest common factor of s and j?
37
Let m = -280 + 104. Let z be (-1 + (-15)/(-12))/((-32)/(-2048)). Let x be ((-24)/z)/(-2 + (-349)/m). Calculate the highest common factor of 132 and x.
44
Suppose 0 = -11*z + 10354 + 2947 + 2220. Calculate the highest common factor of z and 527.
17
Let p be (6/10)/((-34)/(-2550)). Let t = 221 + p. Calculate the highest common divisor of t and 14.
14
Suppose 1877*h = 556*h - 1044*h + 14190. Suppose -4*x = -2*x - 3*j - 54, x - j = 28. What is the greatest common factor of h and x?
6
Suppose 14*g = -6*g + 14*g + 66. Let y = 2 + 207. Calculate the highest common divisor of g and y.
11
Let u be (-8)/(-16)*8 + 8. Let q(b) = 3*b**2 - 4. Let o be q(-4). Calculate the highest common factor of u and o.
4
Suppose -42 = -18*o + 11*o. Let b(r) = r**3 - 4*r**2 + 3*r - 5. Let q be b(o). Suppose -41 = -3*p + q. What is the greatest common divisor of 14 and p?
14
Suppose 0 = -8*n - 473 + 1705. Let k = 258 - n. Suppose 0 = -0*q - 2*q + k. What is the greatest common divisor of 13 and q?
13
Suppose 189 = 1428*w - 1401*w. Calculate the highest common factor of w and 1057.
7
Suppose 5*w + 113 = 433. Let n(q) = -34*q + 106. Let c be n(3). Suppose -c + w = 2*i. What is the highest common divisor of 3 and i?
3
Let b(r) = -r**3 + 9*r**2 - 7*r + 2. Let d = 124 - 116. Let o be b(d). Suppose -2*n - 3*n = 5, 0 = 5*i + n - 49. What is the greatest common divisor of o and i?
10
Let f(m) be the first derivative of -4*m**2 - 18*m + 48. Let a be f(-9). Calculate the highest common factor of 486 and a.
54
Let p(c) = c**3 + 27*c**2 + 31*c + 149. Let i be p(-26). Let u be -3*19*3/(-9). What is the greatest common factor of u and i?
19
Suppose -3*j - 168 + 201 = 0. Suppose 194 = s - j. Calculate the greatest common factor of 5 and s.
5
Suppose 0 = 2*v - 78 - 0. Let m be 13/(-1*(-2)/8). Let n be ((-25)/10 - -5)*m/5. Calculate the greatest common divisor of n and v.
13
Let x be -6*(-9)/(-216) - (-2205)/4. Calculate the greatest common factor of x and 57.
19
Let a be 414/45 - (9 - 0) - 5607/(-15). What is the highest common factor of 544 and a?
34
Suppose 0 = -f + 5*u + 593, 11*u = 12*u + 5. What is the greatest common factor of 8 and f?
8
Let k = -6706 + 11690. What is the greatest common divisor of k and 98?
14
Let y be (1500/(-175))/((-1)/7). Suppose -3*c = -4*i - 36 - 28, 0 = -2*c + 4*i + 40. What is the highest common divisor of y and c?
12
Let u = 533 + 299. What is the highest common divisor of 325 and u?
13
Let r(n) = -61*n + 80. Let o be r(-2). What is the highest common divisor of o and 9494?
202
Let m = 225 - 433. Let g be (12 - m) + 0 + -5. Calculate the highest common divisor of 86 and g.
43
Let u = -524 - -482. Let i(p) = p**3 + 42*p**2 - p - 28. Let d be i(u). What is the greatest common factor of 350 and d?
14
Suppose 4*c + 2*m - 30 = 4*m, 2*c + 2*m = 12. What is the highest common divisor of 11 and c?
1
Let g(v) = -v**3 + 14*v**2 + 50*v + 20. Let b be g(17). Suppose 23 = 3*m - 22. What is the greatest common factor of m and b?
3
Suppose 0 = -4*t, 9*o - 8*o = -3*t + 1127. Calculate the greatest common factor of 1029 and o.
49
Suppose 251 = w + 2*y, -2*w - 6*y + 510 = -4*y. What is the highest common divisor of w and 7?
7
Suppose 0 = -c + 4*u + 8, 31 = 2*c - 14*u + 9*u. Suppose -c - 20 = -s. Let i = -3 - -15. What is the greatest common factor of i and s?
12
Suppose 4*z - 173 + 77 = 0. Let l(y) = 12*y - 236. Let n be l(z). Calculate the highest common factor of 4 and n.
4
Let l(z) = z**3 + 8*z**2 + 16*z + 7. Let b be l(-5). Suppose 248 = 2*u - 2*v, b*u = -2*v - 0*v + 228. Calculate the highest common divisor of u and 17.
17
Let s(y) = 2*y**3 - 2*y**2. Let z be s(4). Suppose -6*g + 3*g = -z. Let r(t) = -2413*t + 9812. Let n be r(4). What is the greatest common factor of g and n?
32
Let w = 1500 + 768. Calculate the greatest common factor of w and 231.
21
Let m = -34425 - -34438. Calculate the highest common factor of m and 1963.
13
Let n(j) = 33*j**2 + 8*j - 44. Let f be n(4). Suppose 30*v = 33*v - f. What is the highest common divisor of v and 4?
4
Let v(w) = 5*w**2 + 1159*w + 4644. Let i be v(-4). Calculate the greatest common factor of i and 1804.
44
Let d(c) = -c**3 + 9*c**2 + 5. Let m be d(9). Suppose 162 = 5*r + m*k + 27, -1 = -k. Let l = -172 + 185. What is the highest common divisor of r and l?
13
Let m(z) = 3*z + 6. Let y be m(0). Suppose y*w = 25 + 17. Suppose 63 = w*r - 91. Calculate the highest common factor of r and 242.
22
Let b(o) = o**2 - 14*o - 5. Let t be b(16). Suppose 3*h + 4*k = 826, -4*h + 1096 = 4*k - 0*k. What is the greatest common factor of h and t?
27
Let x = 2059 + -1128. Let p = -927 + x. Calculate the greatest common divisor of p and 148.
4
Suppose 4*a + 3*u - 24 = 0, -a - 1 - 4 = -2*u. Let f be 4*(0 + 7) - a. Let r be (-210)/140*200/(-6). Calculate the greatest common divisor of f and r.
25
Let x be (-1)/(-4) - (-9116)/16. Let f be x/8 + 6/8. Let i = -459 + 639. Calculate the highest common factor of i and f.
36
Let j(y) = y + 13. Suppose 0 = 4*r - 20, -r - 9 = -4*q + 2*r. Let m be j(q). Let d = m + -7. Calculate the highest common divisor of d and 60.
12
Suppose 2*o - 5 = -3*o. Let v(g) = 4683*g + 13*g**3 + 3*g**3 + 1 + 0*g**2 - 4686*g + g**2. Let k be v(o). What is the greatest common divisor of 6 and k?
3
Suppose 5*q - 5*p + 2